-43161?
41654
In base 9, what is 42604173 + -5?
42604167
In base 8, what is -225651010 - 7?
-225651017
In base 7, what is 652250334 + -10?
652250324
In base 9, what is -1112 - 13188?
-14311
In base 15, what is 14 - aa0e9?
-aa0d5
In base 4, what is 2 - 13031011133?
-13031011131
In base 5, what is 3344333310 - -1?
3344333311
In base 15, what is d857e52 + 3?
d857e55
In base 3, what is 0 + -11121101001020?
-11121101001020
In base 14, what is a8dd + -3c04?
6ad9
In base 8, what is 2616015 - -4?
2616021
In base 6, what is -3344100322 + -1?
-3344100323
In base 6, what is 42214 + 224205?
310423
In base 3, what is 12 - -21001020220022222?
21001020220100011
In base 8, what is 441356 - 1363?
437773
In base 12, what is -a - 714954?
-714962
In base 10, what is 2333693047 + 2?
2333693049
In base 16, what is -4 - -348fcf?
348fcb
In base 16, what is -e9e - 113ac?
-1224a
In base 15, what is d00 + -2cb?
a24
In base 9, what is 1107 + -13248?
-12141
In base 10, what is 16347 - -2597?
18944
In base 14, what is 26bb + -c5?
25d6
In base 15, what is 12b - d998?
-d86c
In base 2, what is 100101001110100000100111000 - -100?
100101001110100000100111100
In base 9, what is -4 - 25322467?
-25322472
In base 5, what is -334 - -34214130?
34213241
In base 16, what is -34 - -a37a0d?
a379d9
In base 14, what is ca05 + -50?
c995
In base 5, what is -10 + -1012304012?
-1012304022
In base 4, what is 12123321 - 300000?
11223321
In base 2, what is 10 - 1010000101111000110110?
-1010000101111000110100
In base 12, what is 62 + 238b5?
23957
In base 13, what is 8864 + 27a5?
b339
In base 14, what is -b2527 - 557?
-b2a80
In base 11, what is -342283 + -99?
-342371
In base 2, what is 101010010 - 1101100010110010?
-1101011101100000
In base 9, what is -4 - 235031851?
-235031855
In base 5, what is 143420111 + 1023?
143421134
In base 14, what is a81 + -45?
a3a
In base 15, what is 6d7e64 + -4?
6d7e60
In base 10, what is -184 + -39375?
-39559
In base 5, what is -43211331202 + 0?
-43211331202
In base 15, what is -7b50 - -31?
-7b1e
In base 16, what is -2b77 + -5a66?
-85dd
In base 6, what is -12 - 45541425?
-45541441
In base 16, what is 1dba3 + -103?
1daa0
In base 9, what is 82 - -16367514?
16367606
In base 10, what is 232 - -1095655?
1095887
In base 6, what is -13 - 10350203?
-10350220
In base 12, what is 10 - -5bab59?
5bab69
In base 11, what is -212 - 2029049?
-2029260
In base 14, what is 1824 + 1193?
29b7
In base 11, what is -1682 - -16829?
15157
In base 10, what is -1823869 - 5?
-1823874
In base 4, what is 13013 - -1311030131?
1311103210
In base 8, what is 33212 + 6134?
41346
In base 3, what is -2 + 210000201200120?
210000201200111
In base 12, what is -b3 - a2b2b9?
-a2b3b0
In base 16, what is -11c68 + 198?
-11ad0
In base 11, what is 351 - 57025?
-56784
In base 16, what is 4d454c + 5?
4d4551
In base 2, what is 101011111100 + 10111100101001011001?
10111101010101010101
In base 9, what is -10187413 + -3?
-10187416
In base 9, what is -1020 - -10302?
8272
In base 9, what is 1024 + 43447?
44472
In base 3, what is -2211012 - 221012101?
-1001000120
In base 3, what is 1000 + 22110100?
22111100
In base 14, what is -a13324 - -64?
-a132a0
In base 10, what is 3 + -1573689?
-1573686
In base 13, what is 12370a1 - 9?
1237095
In base 3, what is 11002121 - -10221100212?
11002110110
In base 12, what is -7bb358 - -28?
-7bb330
In base 2, what is -1101010000101 + 1100101010001011?
1011000000000110
In base 16, what is -2 - 38542a?
-38542c
In base 3, what is 100010012220 + 211211?
100011001201
In base 14, what is -22201 - -163?
-2207c
In base 16, what is 4 - 2fefb3?
-2fefaf
In base 3, what is 121100112022211 + -1021?
121100112021120
In base 4, what is 10000103310100 + -22?
10000103310012
In base 2, what is 100 - -1101000111100001001101?
1101000111100001010001
In base 6, what is -23204254 - -4?
-23204250
In base 12, what is 78a8 + 396?
8082
In base 14, what is 201d641 + -5?
201d63a
In base 13, what is 140a830 - 37?
140a7c6
In base 15, what is -a + 340213?
340208
In base 9, what is 0 + -40384022?
-40384022
In base 6, what is 1355 - -1424001?
1425400
In base 9, what is -10158714 + -6?
-10158721
In base 16, what is -f2 + -2b86?
-2c78
In base 11, what is 69 - 106602?
-106544
In base 9, what is 8128 + -673?
7345
In base 7, what is 342354 - -6010?
351364
In base 6, what is 1420520 - -155?
1421115
In base 2, what is -1010110010010110011100010 + -100?
-1010110010010110011100110
In base 5, what is 13022 - 23423102?
-23410030
In base 10, what is 583 + 8156?
8739
In base 13, what is 3 + -511176?
-511173
In base 7, what is -1 - -2205532513?
2205532512
In base 9, what is 7120664 - 1?
7120663
In base 16, what is -3 - -b6599d?
b6599a
In base 10, what is 157 - -2097071?
2097228
In base 14, what is 2568 + 11d?
2687
In base 4, what is -2011032103 + -3?
-2011032112
In base 8, what is 110 - 1610662?
-1610552
In base 6, what is 3 - 1434324144?
-1434324141
In base 8, what is -77 - 70022?
-70121
In base 12, what is 613 + 21403?
21a16
In base 13, what is 2aa43b1 + 2?
2aa43b3
In base 6, what is 202112 - 11352?
150320
In base 5, what is -2024303304 - 101?
-2024303410
In base 12, what is -11499a93 - -1?
-11499a92
In base 2, what is -1011010101000 - 11110011001?
-1111001000001
In base 11, what is -23456a158 - 1?
-23456a159
In base 7, what is 3 + -344510363?
-344510360
In base 4, what is 1120023 + 121302?
1301331
In base 3, what is -12 + 20010000210002?
20010000202220
In base 5, what is 1043 - -240300?
241343
In base 15, what is b39 + -2bda?
-20a1
In base 3, what is 2012221222 + 21?
2012222020
In base 6, what is 22 + -333504?
-333442
In base 16, what is 99c + -11cf0?
-11354
In base 9, what is -5 - 228030108?
-228030114
In base 6, what is 11141 + -13044?
-1503
In base 14, what is 3 + -8787377?
-8787374
In base 11, what is -9319 - 8252?
-16570
In base 7, what is -514020266 + -32?
-514020331
In base 9, what is -13275 - 2411?
-15686
In base 7, what is 3230611423 + -3?
3230611420
In base 10, what is -66682 + 1482?
-65200
In base 10, what is 4 - -357518448?
357518452
In base 3, what is -1221 + -21212121001102?
-21212121010100
In base 14, what is 7 + -7c0380?
-7c0377
In base 12, what is -17040 + 368?
-16894
In base 6, what is 1334444522 + 5?
1334444531
In base 12, what is 12086 - 7031?
7055
In base 13, what is 3 - -1c0b1728?
1c0b172b
In base 9, what is 3071607 - 3?
3071604
In base 14, what is 68b6 + -32d?
6587
In base 9, what is -174240 + -352?
-174602
In base 14, what is 6bca - -a9da?
137c6
In base 9, what is -132038663 - -3?
-132038660
In base 6, what is 310103334 + -5?
310103325
In base 3, what is 12000101010111 + 12?
12000101010200
In base 12, what is -8119b0b - 6?
-8119b15
In base 7, what is -65522044 + 365?
-65521346
In base 14, what is -a68 + 3a5?
-6a3
In base 12, what is -36585 - 3b?
-36604
In base 3, what is 2 - -12102102010000100?
12102102010000102
In base 16, what is 5 - 1a7b56?
-1a7b51
In base 15, what is -c - -bd384a?
bd383d
In base 5, what is 11104404214 - 10?
11104404204
In base 10, what is -518669 + -28?
-518697
In base 14, what is 712 + -259d?
-1c8b
In base 6, what is -11142 - -54411?
43225
In base 4, what is -12200 + 102131211?
102113011
In base 8, what is -5 - 33171456?
-33171463
In base 11, what is -23a98a2 - 2?
-23a98a4
In base 12, what is 1487 - -189a?
3165
In base 2, what is 10011010010100011111100 - 1001000?
10011010010100010110100
In base 11, what is 149472114 + 4?
149472118
In base 9, what is 2 - 40461018?
-40461016
In base 6, what is 5551 + 505201?
515152
In base 16, what is 171b139b - 4?
171b1397
In base 4, what is 12003 - 12223000?
-12210331
In base 11, what is 108341 + 767?
108aa8
In base 4, what is -10 + 123101112031?
123101112021
In base 13, what is -9c94214 + -5?
-9c94219
In base 3, what is -21110021211122 + 11?
-21110021211111
In base 9, what is 1 - 4228248?
-4228247
In base 13, what is 2129 - 62cb1?
-60b85
In base 14, what is -2160 - -1a11?
-54d
In base 12, what is 2917 - -633b?
9056
In base 5, what is 0 + 40300113423?
40300113423
In base 11, what is -239827 - 481?
-23a1a8
In base 14, what is 19 - 4aa5cbc?
-4aa5ca3
In base 10, what is -92 + 2902738?
2902646
In base 9, what is 3 + -626334?
-626331
In base 10, what is -109561 + 4304?
-105257
In base 5, what is 443242 + 432134?
1430431
In base 3, what is 20011110112001 + 2?
2